14. Determine n(8).
2
Let u(r) = 2*r + 31. Let m(b) = 1 - 5 + 2*b - 3*b - 12. Let z(i) = 7*m(i) + 4*u(i). Calculate z(0).
12
Let u = -10 + 17. Let t be 8/28 - (-33)/u. Let j(f) = -2 - 1 - 2*f**3 + 5*f**2 - 2 + f**3. Calculate j(t).
-5
Let g = 7 + -4. Let i(c) = g*c**2 - 3 + c**3 - 3 - 2*c**3 + 4*c. What is i(4)?
-6
Let k(v) be the first derivative of -v**3/3 + 2*v**2 + 4*v - 2. Let w = -11 - -15. Suppose 0*u - 2*m = 2*u - 16, -13 = w*u - 5*m. Calculate k(u).
7
Let l(u) = -u**2 - 8*u - 2. Let w = 1 + 6. Let x be (0 + -1)/(1/w). Give l(x).
5
Let v(z) be the first derivative of -z**2 + 7*z - 10. Determine v(6).
-5
Let i(l) be the third derivative of -l**5/60 + l**4/24 + 2*l**2. What is i(1)?
0
Let o(u) = u**3 + 3*u**2 - 3*u + 3. Let p be o(-4). Let g be (4 + p)/3 - 2. Let y(m) = -3*m**3 - m**2 - m - 1. Give y(g).
2
Let m(h) be the first derivative of h**5/60 + h**4/4 - h**3/3 + 3*h**2/2 + 3. Let o(f) be the second derivative of m(f). Determine o(-5).
-7
Let z(q) = q + 5. Let b be z(0). Let l(o) = -o**3 + 2*o - 7*o - b*o**2 - o - 6. Calculate l(-4).
2
Let q(h) = 2*h**2 + 2*h + 16. Let t(z) = z**2 + z + 17. Let l(m) = -2*q(m) + 3*t(m). Determine l(0).
19
Let s(x) = -x**2 - 6*x + 2. Let y be -2 + -1 - (1 + -1). Give s(y).
11
Let s(j) be the third derivative of j**5/30 + j**4/6 + j**3/6 - 4*j**2. Let l be (-2)/5 + (-26)/10. Calculate s(l).
7
Suppose 0 = -4*x + 5*g + 33, 7*g + 25 = 2*g. Let b(j) = -1 + x - 1 + 6*j. Give b(1).
6
Let p(d) = 3*d - 4*d + d + d**2 - 6*d - 4. Suppose -4*j + 3*h + 51 = 18, h = -3*j + 15. Calculate p(j).
-4
Suppose -4*q - 12 = 0, -5*p - 3*q = -0 - 1. Let u(a) = a**2 - 2*a + 3. What is u(p)?
3
Let t(d) = d**2 - 2. Let w be t(2). Let x(y) = -1 - 2*y + w + 2 + y**2. Give x(2).
3
Let n(w) = -5*w**2 - 19 - 6*w**2 + 3*w**2 + 7*w**2. What is n(0)?
-19
Let u(o) be the second derivative of -o**5/20 + 7*o**4/12 - 5*o**3/6 - 3*o**2 - 2*o. Let v be u(6). Let r(i) = i + 1. Calculate r(v).
1
Let y(i) = i**3 - 2*i**2 - 2*i - 4. Let d = 21 + -18. What is y(d)?
-1
Let q(z) be the third derivative of z**6/20 - z**5/30 + z**3/6 + 3*z**2. Let r be q(1). Let x(k) = -2*k + 4. Calculate x(r).
-6
Let c(i) = 0*i - i + 16 - 11 - 6. Give c(-4).
3
Let a(n) be the third derivative of 3*n**2 - 1/120*n**6 + 0 + 0*n - 1/12*n**4 + 1/12*n**5 - 1/3*n**3. Give a(4).
6
Let n be 6 + (-26)/4 + 7/2. Let o(x) be the first derivative of -x**4/4 + 4*x**3/3 - 5*x**2/2 + 2*x + 1. Determine o(n).
-4
Let f = -21 + 26. Let v(r) = 20*r**2 - r + f - 16*r**2 + 3*r + r**3. What is v(-4)?
-3
Let v(w) be the first derivative of -w**4/4 + 7*w**3/3 - 5*w**2/2 - 8*w - 6. Calculate v(6).
-2
Let p(b) = -7*b - 1. Let y(z) = 15*z + 3. Let r(k) = -5*p(k) - 2*y(k). Let m = -3 + 4. What is r(m)?
4
Suppose 2*i = 18 - 4. Let u(g) = -3*g**2 - 6*g - 1. Let x(l) = -10*l**2 - 18*l - 2. Let q(h) = i*u(h) - 2*x(h). Determine q(-2).
5
Let i(v) be the second derivative of 0 - 1/3*v**3 - 8*v + 1/2*v**2 + 5/12*v**4. Determine i(1).
4
Let n(k) be the first derivative of k**5/60 + k**4/8 - k**3 - 1. Let r(u) be the third derivative of n(u). Calculate r(-6).
-9
Let r(p) = 2*p**2 - p - 2 + 0*p**2 - 2*p - p**2. Let g be (2 + (-22)/8)*-4. Let c be r(g). Let f(n) = -2*n - 1. Calculate f(c).
3
Let z(j) = -6*j. Let x = -4 - -6. Suppose 4*f - 2*f - 6 = 0, 5*q - 9 = x*f. Suppose -q = 2*t + t. Calculate z(t).
6
Let h(s) = -s**2 - 5*s + 2. Let z be 5/(1/(-3 - 2/(-1))). What is h(z)?
2
Let o be (-6)/10 + (-54)/(-15). Let j(d) = 3 + 6*d**2 - 3*d**2 - 5*d - 2*d**2. What is j(o)?
-3
Let l(t) = -t**2 - 8*t - 2. Let i be l(-7). Suppose i*r - 3*r = -10. Let w(q) be the third derivative of -q**5/60 - 5*q**4/24 + q**3/6 + q**2. Give w(r).
1
Let a(b) = 6*b + 2. Let c be ((-10)/5 - -3) + -3. Determine a(c).
-10
Suppose 19 = 3*y + 5*a, 3*a - 3 - 3 = 0. Let q(r) be the third derivative of -r**2 + 0 + 0*r + 1/120*r**6 + 1/3*r**3 + 1/8*r**4 - 1/12*r**5. Determine q(y).
-7
Let d(g) = -2*g - 3. Let v = -6 + 9. Let j be 5/(45/(-24))*-3. Suppose -7*t - j = -v*t. Determine d(t).
1
Let j(k) = -k**2 + 5*k + 1. Suppose -c - 5*w + 3*w = -6, -w + 1 = 0. Determine j(c).
5
Let s(u) = -11*u**2 + 2*u - 1. Let j be 2/7 - 165/(-231). What is s(j)?
-10
Let w(x) = x**3 + x**2 - x - 3. Suppose k = -2*k. Calculate w(k).
-3
Let p(n) = 10 + n + 0 - n**2 + 2. Let d be 1/(-4) - (-63)/12. Suppose 3*j + 6 = -d*x - 0, -x - 8 = 4*j. Determine p(x).
12
Let r = -22 - -20. Let h(x) be the second derivative of 3/2*x**2 + x + 2/3*x**3 + 1/10*x**5 + 1/3*x**4 + 0. Give h(r).
-5
Let x be (-2)/8 - (-11)/(-4). Let f(l) = -2*l + 3*l**2 - 6 + 5*l - l + 4*l**3. Let z(h) = -9*h**3 - 6*h**2 - 5*h + 13. Let t(i) = 7*f(i) + 3*z(i). Give t(x).
0
Let d be (-2)/(-3)*6/(-4). Let s(h) be the second derivative of 2*h**4/3 - h**3/6 - h**2/2 + 2*h. Calculate s(d).
8
Suppose 0 = 5*n - 7*n + 10. Let y(k) = k**2 - k**3 + n*k**2 - 5 - 3*k - k. Calculate y(5).
0
Let x(u) = -5*u + 4. Let z(h) = -6*h + 5. Let c(r) = -5*x(r) + 4*z(r). Calculate c(-6).
-6
Let w(k) be the third derivative of -k**6/120 - k**5/60 + k**4/24 - 3*k**3/2 + 21*k**2. Calculate w(0).
-9
Let z(b) = -2 + b - 1 - b**3 + 1 - 5. Let w(f) = -f**3 + 2*f**2 - f + 2. Let p be w(2). What is z(p)?
-7
Let u(t) be the second derivative of -t**3/3 - t**2/2 + 2*t. Let y = 88 + -91. Determine u(y).
5
Let k(m) = -5*m + 3 - 9 + 64*m**2 - 65*m**2 + 11*m. Suppose -2*v = -3*v - 14. Let t = -9 - v. What is k(t)?
-1
Let n(d) = d**2 - d - 3. Let k be -2*2/12*-9. Let x be (-10)/(-5) + k + -1. What is n(x)?
9
Let v(k) = 11*k**2 - 2*k - 1. Suppose 0 = 2*f + y + 5, f + 0*f + 4 = -y. Determine v(f).
12
Suppose -1 = -2*w + 7. Let o(y) = -w*y + 4 + 3*y - y. Give o(5).
-6
Let m(u) = 29*u**2 - 2 - 5*u + 0 - 13*u**2 - 15*u**2. Give m(4).
-6
Let l(q) = -q + 22. Let w be l(10). Suppose o + w = 4*p - 0*o, -p - 6 = 2*o. Let i(v) = -27*v**p - v + 23*v**2 + v**3 + 5*v. Determine i(3).
3
Let a(g) = -g**3 - 2*g**2 + 1 + 5*g**3 + g**2 + 0*g**2. Calculate a(-1).
-4
Let l(d) = -d**3 + 7*d**2 - 6*d + 2. Let p(o) = o**3 - 4*o**2 - 3*o - 3. Let r be p(5). Suppose -r*n = -6*n - 6. What is l(n)?
2
Let z(i) = -i. Let v = -4 + 6. Suppose -v*y + 9 = y. Suppose 5*h - 3*h = f, -y*f - 2*h = 0. Determine z(f).
0
Suppose 0 = -2*b - 3*t + 1, -b - 5 = -3*t - t. Let p(z) = 11*z**3 + 2*z**2 + z. Determine p(b).
-10
Let x(u) be the first derivative of -u**3/3 - 2*u**2 - 2*u + 2. Let t(v) be the first derivative of x(v). What is t(-5)?
6
Suppose 0 = 3*f - 0*x + 3*x - 6, 2*x + 8 = 4*f. Let l(c) be the third derivative of 0 + 1/15*c**5 + 1/24*c**4 + 0*c + 0*c**3 + 2*c**f. Determine l(1).
5
Suppose 0 = -5*n + 2*a - 6 - 12, 2*a = 8. Let t(y) = -y**2 - 6*y - 3. Determine t(n).
5
Let h(u) = -u**2 + u - 4. Suppose -d = 3*d + 56. Let c be 12/18 + d/(-6). Calculate h(c).
-10
Let t(s) = -s**3 - 4*s**2 + 2*s + 3. Let l = 2 + 0. Suppose l*o + 6 = -2. Calculate t(o).
-5
Let f(g) = -5*g**2 - 14*g + 46. Let k(q) = -q**2 - 3*q + 9. Suppose -2*i + 4*t = 16, 9 = 3*i + t - 2. Let y(s) = i*f(s) - 11*k(s). Calculate y(-5).
-7
Let d(r) be the first derivative of -1/3*r**3 - 1/120*r**5 + 0*r**4 + 0*r**2 - 3 + 0*r. Let x(j) be the third derivative of d(j). Give x(-4).
4
Suppose -2*g - 2*g + 48 = 0. Let d(s) = -1 - 8*s + g*s + 0. What is d(2)?
7
Let r(c) = c**2. Let b(s) = -7*s**2 - 7*s + 12. Let u(z) = -4*z**2 - 4*z + 6. Let w(l) = -3*b(l) + 5*u(l). Let h be w(0). Let m = h - -3. Calculate r(m).
9
Let d(q) = -q**3 + 4*q**2 + 1. Let r(a) = a**3 + 3*a**2 - 2*a - 2. Let f be r(-3). Give d(f).
1
Let m(t) = 10*t**2 + 28*t - 21. Let d(u) = -7*u**2 - 19*u + 14. Let f(j) = -7*d(j) - 5*m(j). Determine f(-7).
7
Let d(s) = s + 0*s**2 - s**2 - 2*s. Let n be d(-1). Let y(u) = -4 + 4 - u**2 + n*u**2 - u. Determine y(-3).
-6
Let y = -4 - -3. Let z(n) = -5*n**2 - n + 1. Let r(o) = -4*o**2 - 2*o + 1. Let v(u) = 2*r(u) - 3*z(u). Determine v(y).
7
Let r(u) = 7*u**3 - 2*u**2 - 2*u + 3. Let n(a) = 20*a**3 - 6*a**2 - 6*a + 9. Let g(t) = 6*n(t) - 17*r(t). Calculate g(3).
6
Let p(q) = -11*q**3 - 2*q**2 + 1. Suppose 5*i + 4 = 9*i. What is p(i)?
-12
Let g(v) = -v**2 - 3*v + 6. Let r be g(-5). Let u = 28 - -1. Let l(h) = -2*h**2 - 1 + 0 - h**3 + u*h - 28*h - 2*h**2. Calculate l(r).
-5
Let l(x) = x**2. Let c be l(-2). Suppose -c = -r - 0. Let t(d) = 6 - 2*d - 19*d**3 + 18*d**3 + 5*d**2 - 3*d. Calculate t(r).
2
Let s(x) = x 